100000
In base 11, what is 5 - 296a1aa1?
-296a1a97
In base 11, what is 4a - 7a92124?
-7a92085
In base 8, what is -447 + -123523?
-124172
In base 15, what is 3 + 1ceb9dd8?
1ceb9ddb
In base 9, what is -701846 + -115?
-702062
In base 6, what is 142550 - 203?
142343
In base 15, what is -3b0b6 - a66?
-3bb2c
In base 16, what is 966 + 51a?
e80
In base 15, what is 655 - -b706?
bd5b
In base 8, what is 1074271452 + 5?
1074271457
In base 16, what is 5834 + -195?
569f
In base 9, what is -1755655 + -7?
-1755663
In base 16, what is -90 + -1d3e6?
-1d476
In base 12, what is -10 - 333618?
-333628
In base 10, what is 835 - -44905?
45740
In base 13, what is 2 - -12447a0?
12447a2
In base 11, what is 2 - -62389a4?
62389a6
In base 15, what is -4e + 1a2384?
1a2335
In base 4, what is 1110220 - 131002?
313212
In base 5, what is 41430203 + 3011?
41433214
In base 8, what is 6 + -15326335?
-15326327
In base 15, what is 546c5cd - 0?
546c5cd
In base 6, what is 3 + -30402414553?
-30402414550
In base 3, what is -1020012202021210 + 11?
-1020012202021122
In base 8, what is 4655243 - 23?
4655220
In base 11, what is 802624457 - -5?
802624461
In base 7, what is -61541 - 23301?
-115142
In base 13, what is 16348 - 13a0?
14c78
In base 3, what is 2 - -110100122020111?
110100122020120
In base 13, what is c91547 + 3?
c9154a
In base 4, what is -211011212 - -11223?
-210333323
In base 3, what is -112121010001022 - -100?
-112121010000222
In base 7, what is -23 + -2021003?
-2021026
In base 16, what is 1b - -15e432?
15e44d
In base 2, what is 11010110111000101010010100 - -101?
11010110111000101010011001
In base 4, what is -123113032323 - 0?
-123113032323
In base 3, what is 0 - -121212120210201122?
121212120210201122
In base 10, what is 225334 + -174?
225160
In base 13, what is 58a - 2615?
-2058
In base 15, what is 2ddbb + 4b?
2de17
In base 15, what is 9b72e6 + -2?
9b72e4
In base 16, what is -5654c + c?
-56540
In base 16, what is -3 + -26fd330?
-26fd333
In base 16, what is 266ce2 + 2?
266ce4
In base 16, what is 922e - -1ae1?
ad0f
In base 7, what is -3 - -305302112?
305302106
In base 11, what is 1a61 - 871?
11a0
In base 6, what is 0 - -22545435334?
22545435334
In base 11, what is -2765 - 4410?
-7075
In base 12, what is 1a5b1991 - 2?
1a5b198b
In base 5, what is -2 - 10043400241?
-10043400243
In base 14, what is 5 + 27bb5?
27bba
In base 5, what is -13034 + -3340000?
-3403034
In base 4, what is 300112110 - 0?
300112110
In base 10, what is -449819 + -19?
-449838
In base 16, what is -dd8 - -489d?
3ac5
In base 9, what is -15 - 282523?
-282538
In base 7, what is -131 - 2255542?
-2256003
In base 11, what is -46721a + -20?
-46723a
In base 4, what is 100301130133 + -2?
100301130131
In base 7, what is -20365620303 + 4?
-20365620266
In base 16, what is 28e84 + 1a?
28e9e
In base 2, what is -1010010 + 1100111111010101111110?
1100111111010100101100
In base 2, what is -101000001011011 + -10100000100?
-101010101011111
In base 15, what is -2 + 507a7d?
507a7b
In base 4, what is 2 + 13011001020333?
13011001021001
In base 6, what is -2 - -553221540?
553221534
In base 13, what is -129c56 + 5?
-129c51
In base 2, what is -1100010 - 10110111000010001?
-10110111001110011
In base 4, what is -1320312323023 - 100?
-1320312323123
In base 9, what is 173461221 + 0?
173461221
In base 12, what is 20 - -533010?
533030
In base 3, what is -1200102120011 - -1010?
-1200102112001
In base 6, what is -4034530 + -433?
-4035403
In base 3, what is 100 - -120011001211?
120011002011
In base 5, what is 3430 - -10031001?
10034431
In base 9, what is 27 + 683135?
683163
In base 12, what is -2a1 + 114a819?
114a538
In base 3, what is -11 + -1120110212010?
-1120110212021
In base 12, what is 23139a - 39?
231361
In base 9, what is 51422664 - -2?
51422666
In base 6, what is -14 - -12524215?
12524201
In base 12, what is -210 + -b18b2?
-b1b02
In base 9, what is 150627072 + -1?
150627071
In base 7, what is -1214 - -111643?
110426
In base 6, what is -14342 + 5153?
-5145
In base 6, what is 12213435 + -100?
12213335
In base 10, what is -5 + -6609169?
-6609174
In base 16, what is -23bd9f + -21?
-23bdc0
In base 4, what is -2 - 2330131200?
-2330131202
In base 16, what is -2bf + -25e7?
-28a6
In base 16, what is -d + -73338?
-73345
In base 10, what is 337681 - -159?
337840
In base 8, what is -1 - 27673743?
-27673744
In base 6, what is 0 + -202213130?
-202213130
In base 7, what is -66 + 120352?
120253
In base 12, what is 1b90971 + 5?
1b90976
In base 15, what is 22c + -2971?
-2744
In base 13, what is -210557 + b?
-210549
In base 6, what is -3 + -1103150044?
-1103150051
In base 11, what is -1650797 + -1?
-1650798
In base 9, what is 817 - 21371?
-20453
In base 15, what is 41e04dd + 3?
41e04e1
In base 4, what is -1032003 - 11200213?
-12232222
In base 11, what is 171239 + 49?
171287
In base 8, what is 0 - -726706667?
726706667
In base 6, what is -21 + 10040253?
10040232
In base 5, what is -2130143131 - 21?
-2130143202
In base 16, what is -d451b - -9?
-d4512
In base 10, what is -3 - 8041607?
-8041610
In base 8, what is -55273421 + 2?
-55273417
In base 15, what is 33 + 1360ae?
1360e2
In base 7, what is 526340 + 203?
526543
In base 16, what is -5718 - -d97?
-4981
In base 9, what is -40 - 148344?
-148384
In base 6, what is -10 + 3002?
2552
In base 9, what is 64405 - -3363?
67768
In base 12, what is -3 + -309996?
-309999
In base 5, what is 3 - -10401342421?
10401342424
In base 12, what is -487b065 - 1?
-487b066
In base 13, what is -12b351a5 - 0?
-12b351a5
In base 15, what is 261b0 - 27be?
238e1
In base 10, what is 12109252 + 6?
12109258
In base 13, what is 1c - -111363b?
111365a
In base 7, what is 16 - -534420463?
534420512
In base 5, what is -12 - 41203333310?
-41203333322
In base 7, what is 2104 - -521306?
523413
In base 2, what is 1000 + -10100111010010000011001000?
-10100111010010000011000000
In base 5, what is -4013212 - 2123?
-4020340
In base 3, what is -211120121010210 + -20?
-211120121011000
In base 11, what is 159a69 - 66?
159a03
In base 9, what is 4 + 8314703?
8314707
In base 15, what is -291d - 584c?
-826a
In base 2, what is 10001010 - -10111010111010110100?
10111010111100111110
In base 7, what is -22 + -10522445?
-10522500
In base 14, what is 4dc840 + -7?
4dc837
In base 3, what is -10 + -1120121122102?
-1120121122112
In base 3, what is -20111 + 202102001?
202011120
In base 10, what is -5309450 - 0?
-5309450
In base 6, what is -1250 + -1005?
-2255
In base 11, what is 120 + -56971?
-56851
In base 5, what is 10411211232 + 10?
10411211242
In base 9, what is 234457 - -52?
234520
In base 14, what is 5dc1d + 6d?
5dc8c
In base 2, what is 101111110000011110 + 10101?
101111110000110011
In base 8, what is -225 - -2753544?
2753317
In base 11, what is 5 - 363a8305?
-363a8300
In base 7, what is -3455 - 336115?
-342603
In base 2, what is 101 + 1011011010000010110010000?
1011011010000010110010101
In base 16, what is -5 - 403939?
-40393e
In base 14, what is 2d79 + -11641?
-c6a6
In base 2, what is 1100100100011110110011101 + 10?
1100100100011110110011111
In base 10, what is 18357065 + -2?
18357063
In base 4, what is 1021100322 + -132?
1021100130
In base 12, what is 1384 + -6332?
-4b6a
In base 12, what is a7b190 - -6?
a7b196
In base 7, what is -102 - -10004521?
10004416
In base 11, what is 20516012 + 0?
20516012
In base 3, what is -121112012120 - 21221?
-121112111111
In base 11, what is 1781 - 63034?
-61363
In base 14, what is 173c + -2310?
-9b2
In base 15, what is 1a19 + -2ce?
173a
In base 16, what is -1 + 4fcd220?
4fcd21f
In base 4, what is -10122 - 221033?
-231221
In base 5, what is -2 - 3222432120?
-3222432122
In base 5, what is 4334 + -104314?
-44430
In base 2, what is 110010100110111001111110 - 100?
110010100110111001111010
In base 14, what is -12408a - a4?
-124150
In base 11, what is 177 + 164130?
1642a7
In base 13, what is -651 + 95c?
30b
In base 9, what is -1581363 - 38?
-1581412
In base 13, what is 1002 + -45c9?
-35c7
In base 14, what is -3bb48 + 4?
-3bb44
In base 9, what is 2 + -14550713?
-14550711
In base 9, what is 6 - -17434888?
17435005
In base 9, what is 28325 - 3?
28322
In base 5, what is -240404 + 1143342?
402433
In base 3, what is -2210211100222 + -201100?
-2210212002022
In base 14, what is 8 - 5c04c43?
-5c04c39
In base 14, what is 18 - 266088?
-266070
In